er when 42 is divided by k?
12
Let r = -8036 - -2496. Calculate the remainder when r/(-76) - (-4)/38 is divided by 39.
34
Let z = 777 - 653. Calculate the remainder when z is divided by 41.
1
Let a(h) = 264*h**2 + h. Calculate the remainder when a(-1) is divided by 7.
4
Let y = 201 + -155. Calculate the remainder when 824 is divided by y.
42
Suppose 0 = -6*z + 91 + 143. What is the remainder when z is divided by 17?
5
What is the remainder when (32/14 - 2) + (-4422)/(-154) is divided by 17?
12
Suppose 375 = 3*g - 3*a, -3*a - 629 = -135*g + 130*g. What is the remainder when g is divided by 33?
28
Suppose -3*y + 0*y + 24 = 0. Let b(a) = a**2 - 10*a + 19. Calculate the remainder when 13 is divided by b(y).
1
Suppose -9*r + 14*r = 1465. Suppose 2*l - r = l. Calculate the remainder when l is divided by 49.
48
Let f be (52 + -13)*10/6. Let y be 871/f + (-2)/5. Suppose -z + 2*q = q - 13, z + 3*q = y. Calculate the remainder when 23 is divided by z.
10
Suppose 103 = 13*f - 1210. Calculate the remainder when 299 is divided by f.
97
Let w = -182 - -272. Suppose 3*d - 3*r - 15 - 15 = 0, 5*d + 3*r - w = 0. Calculate the remainder when 23 is divided by d.
8
Let f(l) = -21*l + 31. What is the remainder when 55 is divided by f(0)?
24
Let x = 715 + -687. Calculate the remainder when 43 is divided by x.
15
Suppose 17*x = 2*q + 16*x - 3, 4*x = q + 16. What is the remainder when 142 is divided by q?
2
Let w be -3 + 14/6 + (-4)/(-6). Suppose 3*q - 26 - 85 = w. Let a(v) = -2*v - 8. Calculate the remainder when q is divided by a(-9).
7
Let d = 18 - -2. Suppose -5*a + 15 = 0, -4*a + 51 = 3*u + a. Calculate the remainder when d is divided by u.
8
Let q(k) = -3*k**2 + 49*k + 245. Let f(s) = s**3 - 2*s**2 - 7*s. What is the remainder when f(7) is divided by q(20)?
21
Suppose y + 2*m - 36 = 7*m, -3*m + 36 = 3*y. Calculate the remainder when (-2536)/(-40) + 4/(-10) is divided by y.
15
Suppose 3*c = k + k - 9, -3*c = k + 9. What is the remainder when (12/(-10))/(1/(-5)) is divided by 2 + k/(-4 - -1)?
0
Suppose 19*j + 450 = 34*j. What is the remainder when j is divided by 11?
8
Let t(l) be the second derivative of l**4/12 - 11*l**3/6 - 3*l**2/2 + 20*l. What is the remainder when 42 is divided by t(12)?
6
Let d = 49 - 33. What is the remainder when 99 is divided by (3 + -3 - -1) + d?
14
Let d = -45 + 82. Calculate the remainder when 110 is divided by d.
36
Suppose 0*q - 4*q = -4*t + 444, 4*t = q + 459. What is the remainder when t is divided by 15?
11
Suppose 5*h - 5*k = 28 + 952, -3*k - 978 = -5*h. Calculate the remainder when h is divided by 29.
21
Let i(h) = 39*h**2 + 22*h + 16. What is the remainder when i(5) is divided by 12?
9
Suppose 3*w - 55 + 7 = -3*c, -80 = -5*c + 5*w. Let p(d) = -125*d. What is the remainder when p(-1) is divided by c?
13
Suppose 5*f = 262 + 43. Suppose 0 = y - m - 45, 5*y + 5*m - 144 = f. Let a(j) = -22*j**3 + j**2. What is the remainder when y is divided by a(-1)?
20
Let q = -1055 - -1072. What is the remainder when 23 is divided by q?
6
Suppose 3*a - 252 = -50*o + 46*o, 4*a = -2*o + 116. What is the remainder when o is divided by 39?
27
Let i(f) = -4*f**3 + f**2 + 4*f - 1. Suppose -10*r = -5*r - 400. Calculate the remainder when r is divided by i(-2).
26
Suppose -2*g + 7*g + 20 = 5*m, 2*g = 0. Suppose i + i - h = 90, m*i + 2*h - 180 = 0. Let u(s) = 11*s + 1. What is the remainder when i is divided by u(1)?
9
Let o = 1032 - 1011. What is the remainder when 31 is divided by o?
10
What is the remainder when 148 is divided by (3 - 77/33)/((-4)/(-186))?
24
Calculate the remainder when 322 is divided by 190/70*(0 + 7).
18
Suppose -a + 43 = -2*k, -4*a - 2*k + 119 = -53. What is the remainder when 146 is divided by a?
17
Let w(a) = -10*a - 6. Let j be 513/18*24/9. Suppose -j = 105*p - 109*p. Calculate the remainder when w(-6) is divided by p.
16
What is the remainder when 194 is divided by 7*8 - (-1 + 8)?
47
Suppose -4*q = -7*q + 132. Let c = 39 - 24. What is the remainder when q is divided by c?
14
Let j = -9 - -12. Suppose w + j*w = 64. Let h = w - 8. What is the remainder when 21 is divided by h?
5
Let v be (-14 - -58)*(-1)/(-2). Let n be v + (1 - 2) + -3. Let x(w) = w**2 - 17*w - 8. Calculate the remainder when 49 is divided by x(n).
9
Let w = 27 - 10. Let t = w + 5. Suppose -26*f = 4*l - 25*f - 159, -2*l - f = -75. What is the remainder when l is divided by t?
20
Let w = 12 - 1. Suppose -74 = 10*c - w*c. Calculate the remainder when c is divided by 93/6 + 2/(-4).
14
Let x = 8 - -34. Let a = -5 + x. Calculate the remainder when 107 is divided by a.
33
Suppose 11*j + 75 = -321. What is the remainder when ((-698)/(-5) - 0) + j/(-90) is divided by 48?
44
Let c(d) = -6*d + 6. Let f be c(3). Calculate the remainder when 42 is divided by (-2)/f*-3*(1 - 23).
9
Suppose -3 - 121 = -31*h. What is the remainder when 21 is divided by h?
1
Let h(o) = -8*o**3 - 3*o**2 - 2*o - 2. Suppose 37*k + 174 = 43*k. What is the remainder when h(-2) is divided by k?
25
Suppose -10*j - 140 = -14*j. Let r = j + 33. What is the remainder when r is divided by 5?
3
Let i = 98 - 73. Calculate the remainder when 147 is divided by i.
22
Let q(g) = -g**2 + 20*g + 80. Suppose -n = -x - 21, -3*n + x + 28 + 29 = 0. Calculate the remainder when n is divided by q(23).
7
Suppose 5*a - 64 = -3*j, 5*a + 0*a - 60 = -5*j. Let l(n) = -105*n - 5085. What is the remainder when l(-50) is divided by a?
11
Suppose -5*q + 67 = -8. Calculate the remainder when 146/5 - q/75 is divided by 10.
9
Suppose -4 = 18*u - 4. Suppose -6*t + 11*t - 650 = u. Calculate the remainder when t is divided by 45.
40
Let l(o) = -99*o + 1314. Suppose m + m - 12 = 0. Calculate the remainder when l(13) is divided by m.
3
Let v = -29 + 72. Suppose -3*t = -4*a + 19, 5*t + 5 = -3*a + 12. Calculate the remainder when v is divided by a.
3
Suppose -31 = -4*o - 19. Suppose -2*y + o*y = 43. Calculate the remainder when y is divided by 22.
21
Let l(i) = -i**3 + 4*i**2 + 3*i - 4. Let a be l(4). Suppose -12 = -a*w + 2*w. Suppose 14 - 20 = -w*h. Calculate the remainder when 10 is divided by h.
1
Let m = 121 + -51. Let d(w) = -11*w + 251. Calculate the remainder when m is divided by d(22).
7
Calculate the remainder when 193 is divided by -1 - ((-64)/2 + -3).
23
Suppose 2*f = 1162 - 944. Calculate the remainder when 212 is divided by f.
103
Let d = 485 + -321. Suppose -14*y = -18*y + d. Calculate the remainder when 162 is divided by y.
39
Let h(z) be the second derivative of z**5/20 - 17*z**4/12 + 16*z**3/3 - 7*z**2/2 + 2*z - 5. What is the remainder when h(15) is divided by 6?
5
Suppose 0 = p - 3 - 12. What is the remainder when p is divided by 5?
0
Let n(p) = p**3 - 9*p**2 + 8*p + 2. Suppose 2*u + 8 = 3*u. Let m be n(u). Suppose 5*j - m - 28 = 0. Calculate the remainder when j is divided by 3.
0
Let h(z) = 2*z**2 + 4*z + 3. Let d(k) = k**3 + 2*k**2 + k - 2. Let x be d(0). Calculate the remainder when 8 is divided by h(x).
2
Let v = 792 + -772. Calculate the remainder when 135 is divided by v.
15
Let d be (-11)/44 + 26/8. Let y(w) = w - d*w + 2*w + 3*w. Calculate the remainder when y(11) is divided by 9.
6
Let r(h) = h**2 - 9*h - 1. Let q be r(8). Let o = -3 - q. Suppose -4 = -2*w + o. What is the remainder when 14 is divided by w?
4
Calculate the remainder when 617 is divided by (-2)/3 + 248/12.
17
Suppose -7*n + 1140 = -2*n. Calculate the remainder when 684 is divided by n.
0
Let n be 660/(-7) + 2/7. Let b = 53 + n. Let u = 58 + b. Calculate the remainder when 49 is divided by u.
15
Let v = -7 + 40. Suppose -2*j + 4*d + 170 = 0, 160 = 2*j - 0*j + d. Let k = j + -17. Calculate the remainder when k is divided by v.
31
Suppose -4705 = -5*a - 3805. Calculate the remainder when a is divided by 8.
4
Suppose o + 6 = 4, q = o + 6. Let r = -2859 - -2890. What is the remainder when (-1)/2 - (-242)/q is divided by r?
29
Let o be (8/20)/((-1)/10). Let u = -8 - o. What is the remainder when ((-143)/22)/(2/u) is divided by 5?
3
Suppose -q = q - 148. Suppose -4*m + 17 = 3*d, 4*d = -5*m + 2*m + 11. Let w = m + 20. What is the remainder when q is divided by w?
24
Suppose g + 5*v + 34 = 84, -4*v = -g + 59. Calculate the remainder when g is divided by 15.
10
What is the remainder when 49 is divided by (4/(-2)*-13)/(-35 - -36)?
23
Suppose 2*s - 5*r